is the remainder when 534 is divided by 113?
82
Calculate the remainder when 422 is divided by 124.
50
Calculate the remainder when 282 is divided by 36.
30
Calculate the remainder when 3185 is divided by 122.
13
What is the remainder when 970 is divided by 36?
34
What is the remainder when 2358 is divided by 118?
116
What is the remainder when 1020 is divided by 297?
129
What is the remainder when 1098 is divided by 216?
18
What is the remainder when 10 is divided by 7?
3
Calculate the remainder when 1197 is divided by 60.
57
Calculate the remainder when 1267 is divided by 19.
13
Calculate the remainder when 2417 is divided by 241.
7
What is the remainder when 564 is divided by 30?
24
What is the remainder when 2175 is divided by 59?
51
What is the remainder when 269 is divided by 39?
35
Calculate the remainder when 148 is divided by 12.
4
Calculate the remainder when 14726 is divided by 56.
54
What is the remainder when 1138 is divided by 10?
8
What is the remainder when 1226 is divided by 176?
170
Calculate the remainder when 643 is divided by 83.
62
Calculate the remainder when 301 is divided by 16.
13
What is the remainder when 50 is divided by 30?
20
Calculate the remainder when 9254 is divided by 289.
6
Calculate the remainder when 477 is divided by 39.
9
What is the remainder when 1849 is divided by 604?
37
Calculate the remainder when 1671 is divided by 40.
31
Calculate the remainder when 117 is divided by 33.
18
Calculate the remainder when 3808 is divided by 37.
34
What is the remainder when 48 is divided by 4?
0
What is the remainder when 51 is divided by 18?
15
Calculate the remainder when 1329 is divided by 18.
15
Calculate the remainder when 20 is divided by 11.
9
What is the remainder when 474 is divided by 22?
12
Calculate the remainder when 101 is divided by 18.
11
Calculate the remainder when 489 is divided by 140.
69
What is the remainder when 2407 is divided by 1199?
9
Calculate the remainder when 384 is divided by 23.
16
What is the remainder when 147 is divided by 37?
36
Calculate the remainder when 188 is divided by 68.
52
What is the remainder when 71 is divided by 15?
11
Calculate the remainder when 582 is divided by 95.
12
What is the remainder when 582 is divided by 78?
36
Calculate the remainder when 2518 is divided by 835.
13
What is the remainder when 39 is divided by 28?
11
Calculate the remainder when 614 is divided by 76.
6
What is the remainder when 403 is divided by 389?
14
What is the remainder when 865 is divided by 124?
121
What is the remainder when 1381 is divided by 87?
76
Calculate the remainder when 271 is divided by 55.
51
What is the remainder when 658 is divided by 44?
42
Calculate the remainder when 164 is divided by 8.
4
What is the remainder when 141 is divided by 70?
1
Calculate the remainder when 191 is divided by 61.
8
What is the remainder when 366 is divided by 31?
25
Calculate the remainder when 25 is divided by 13.
12
Calculate the remainder when 983 is divided by 12.
11
Calculate the remainder when 250 is divided by 88.
74
What is the remainder when 545 is divided by 39?
38
What is the remainder when 2034 is divided by 12?
6
Calculate the remainder when 956 is divided by 120.
116
Calculate the remainder when 486 is divided by 83.
71
What is the remainder when 202 is divided by 112?
90
Calculate the remainder when 352 is divided by 326.
26
What is the remainder when 217 is divided by 109?
108
What is the remainder when 1480 is divided by 11?
6
Calculate the remainder when 1415 is divided by 109.
107
Calculate the remainder when 136 is divided by 72.
64
Calculate the remainder when 219 is divided by 7.
2
Calculate the remainder when 152 is divided by 27.
17
Calculate the remainder when 4750 is divided by 72.
70
Calculate the remainder when 139 is divided by 38.
25
What is the remainder when 10694 is divided by 155?
154
Calculate the remainder when 1210 is divided by 135.
130
What is the remainder when 363 is divided by 354?
9
What is the remainder when 175 is divided by 82?
11
Calculate the remainder when 10341 is divided by 3445.
6
Calculate the remainder when 725 is divided by 705.
20
Calculate the remainder when 158 is divided by 58.
42
What is the remainder when 95 is divided by 49?
46
Calculate the remainder when 64 is divided by 19.
7
What is the remainder when 186 is divided by 32?
26
What is the remainder when 7429 is divided by 2?
1
What is the remainder when 87 is divided by 47?
40
What is the remainder when 7504 is divided by 27?
25
What is the remainder when 785 is divided by 68?
37
Calculate the remainder when 79 is divided by 26.
1
Calculate the remainder when 3327 is divided by 185.
182
What is the remainder when 88 is divided by 10?
8
Calculate the remainder when 2135 is divided by 89.
88
Calculate the remainder when 29 is divided by 19.
10
Calculate the remainder when 67 is divided by 29.
9
Calculate the remainder when 323 is divided by 36.
35
Calculate the remainder when 362 is divided by 143.
76
What is the remainder when 43 is divided by 12?
7
Calculate the remainder when 351 is divided by 30.
21
What is the remainder when 557 is divided by 70?
67
Calculate the remainder when 935 is divided by 13.
12
Calculate the remainder when 470 is divided by 116.
6
Calculate the remainder when 347 is divided by 14.
11
Calculate the remainder when 427 is divided by 11.
9
Calculate the remainder when 727 is divided by 130.
77
What is the remainder when 3822 is divided by 96?
78
What is the remainder when 752 is divided by 228?
68
Calculate the remainder when 524 is divided by 17.
14
Calculate the remainder when 118 is divided by 105.
13
Calculate the remainder when 90 is divided by 17.
5
Calculate the remainder when 258 is divided by 84.
6
What is the remainder when 1140 is divided by 31?
24
What is the remainder when 3056 is divided by 235?
1
What is the remainder when 149 is divided by 51?
47
Calculate the remainder when 2538 is divided by 630.
18
Calculate the remainder when 219 is divided by 65.
24
What is the remainder when 1132 is divided by 16?
12
Calculate the remainder when 47 is divided by 27.
20
Calculate the remainder when 3193 is divided by 1060.
13
Calculate the remainder when 462 is divided by 420.
42
Calculate the remainder when 178 is divided by 42.
10
Calculate the remainder when 803 is divided by 135.
128
What is the remainder when 378 is divided by 50?
28
What is the remainder when 16019 is divided by 5338?
5
What is the remainder when 63 is divided by 35?
28
Calculate the remainder when 558 is divided by 94.
88
What is the remainder when 8093 is divided by 60?
53
What is the remainder when 236 is divided by 40?
36
Calculate the remainder when 809 is divided by 9.
8
What is the remainder when 82 is divided by 13?
4
What is the remainder when 257 is divided by 158?
99
Calculate the remainder when 713 is divided by 11.
9
Calculate the remainder when 193 is divided by 74.
45
What is the remainder when 729 is divided by 66?
3
What is the remainder when 160 is divided by 2?
0
What is the remainder when 383 is divided by 82?
55
Calculate the remainder when 162 is divided by 33.
30
What is the remainder when 3167 is divided by 66?
65
What is the remainder when 9 is divided by 4?
1
What is the remainder when 237 is divided by 41?
32
Calculate the remainder when 59 is divided by 22.
15
What is the remainder when 5193 is divided by 8?
1
What is the remainder when 898 is divided by 151?
143
Calculate the remainder when 15135 is divided by 11.
10
Calculate the remainder when 1944 is divided by 485.
4
What is the remainder when 459 is divided by 227?
5
Calculate the remainder when 88 is divided by 46.
42
What is the remainder when 130 is divided by 14?
4
What is the remainder when 1963 is divided by 4?
3
What is the remainder when 6595 is divided by 20?
15
What is the remainder when 608 is divided by 91?
62
What is the remainder when 1092 is divided by 269?
16
What is the remainder when 519 is divided by 5?
4
Calculate the remainder when 772 is divided by 197.
181
Calculate the remainder when 1435 is divided by 120.
115
Calculate the remainder when 439 is divided by 55.
54
What is the remainder when 183 is divided by 37?
35
Calculate the remainder when 481 is divided by 